{"id":38,"date":"2023-11-16T07:47:54","date_gmt":"2023-11-16T06:47:54","guid":{"rendered":"https:\/\/w01.fecg-rottweil.de\/?page_id=38"},"modified":"2026-02-01T16:25:24","modified_gmt":"2026-02-01T15:25:24","slug":"weihnachtsmarkt","status":"publish","type":"page","link":"https:\/\/www.fecg-rottweil.de\/?page_id=38","title":{"rendered":"Weihnachtsmarkt"},"content":{"rendered":"\n<p>Im Jahr 2022 wurde der Parkplatz des Gemeindehauses in Irslingen erstmals und eindrucksvoll zu einem Adventsmarkt umfunktioniert. An den zahlreichen St\u00e4nden der Kochgruppen, Kinderstunden, Jungschar und der Gemeindech\u00f6re traf man auf ein breites Angebot von leckeren Speisen und Getr\u00e4nken, w\u00e4hrend viele beheizte Pl\u00e4tze eine angenehme M\u00f6glichkeit zur Gemeinschaft miteinander boten. Zus\u00e4tzlich wurden die Abende von einem Programm, bestehend aus Chorliedern, Orchesterst\u00fccken, Rollenspielen und Vortr\u00e4gen begleitet. Wenn es jemandem doch zu kalt wurde, bestand die M\u00f6glichkeit, sich im mit interessanten Bildern und Informationen ausgeschilderten Gemeindehaus aufzuw\u00e4rmen. Genauso diente der Stand der Humanit\u00e4ren Hilfe zur Information \u00fcber die vergangenen Missionseins\u00e4tze. Der Adventsmarkt erm\u00f6glichte es so nicht nur als Gemeinde die Weihnachtsfreude zu teilen, sondern auch ein wenig Licht in diese Welt zu bringen und mehr Menschen von der Liebe Gottes zu uns Menschen zu erz\u00e4hlen.<\/p>\n\n\n\n<figure class=\"wp-block-gallery has-nested-images columns-default is-cropped wp-block-gallery-1 is-layout-flex wp-block-gallery-is-layout-flex\">\n<figure class=\"wp-block-image size-large\"><img loading=\"lazy\" decoding=\"async\" width=\"683\" height=\"1024\" data-id=\"343\" src=\"https:\/\/www2.fecg-rottweil.de\/wp-content\/uploads\/2024\/01\/IMG_1019-scaled-1-683x1024.jpg\" alt=\"\" class=\"wp-image-343\"\/><\/figure>\n\n\n\n<figure class=\"wp-block-image size-large\"><img loading=\"lazy\" decoding=\"async\" width=\"683\" height=\"1024\" data-id=\"344\" src=\"https:\/\/www2.fecg-rottweil.de\/wp-content\/uploads\/2024\/01\/IMG_1073-scaled-1-683x1024.jpg\" alt=\"\" class=\"wp-image-344\"\/><\/figure>\n\n\n\n<figure class=\"wp-block-image size-large\"><img loading=\"lazy\" decoding=\"async\" width=\"1024\" height=\"683\" data-id=\"345\" src=\"https:\/\/www2.fecg-rottweil.de\/wp-content\/uploads\/2024\/01\/IMG_1080-scaled-1-1024x683.jpg\" alt=\"\" class=\"wp-image-345\"\/><\/figure>\n\n\n\n<figure class=\"wp-block-image size-large\"><img loading=\"lazy\" decoding=\"async\" width=\"683\" height=\"1024\" data-id=\"346\" src=\"https:\/\/www2.fecg-rottweil.de\/wp-content\/uploads\/2024\/01\/IMG_8462-scaled-1-683x1024.jpg\" alt=\"\" class=\"wp-image-346\"\/><\/figure>\n\n\n\n<figure class=\"wp-block-image size-large\"><img loading=\"lazy\" decoding=\"async\" width=\"1024\" height=\"683\" data-id=\"347\" src=\"https:\/\/www2.fecg-rottweil.de\/wp-content\/uploads\/2024\/01\/IMG_8466-scaled-1-1024x683.jpg\" alt=\"\" class=\"wp-image-347\"\/><\/figure>\n\n\n\n<figure class=\"wp-block-image size-large\"><img loading=\"lazy\" decoding=\"async\" width=\"1024\" height=\"683\" data-id=\"348\" src=\"https:\/\/www2.fecg-rottweil.de\/wp-content\/uploads\/2024\/01\/IMG_9543-scaled-1-1024x683.jpg\" alt=\"\" class=\"wp-image-348\"\/><\/figure>\n\n\n\n<figure class=\"wp-block-image size-large\"><img loading=\"lazy\" decoding=\"async\" width=\"1024\" height=\"683\" data-id=\"349\" src=\"https:\/\/www2.fecg-rottweil.de\/wp-content\/uploads\/2024\/01\/IMG_9724-scaled-1-1024x683.jpg\" alt=\"\" class=\"wp-image-349\"\/><\/figure>\n\n\n\n<figure class=\"wp-block-image size-large\"><img loading=\"lazy\" decoding=\"async\" width=\"1024\" height=\"683\" data-id=\"350\" src=\"https:\/\/www2.fecg-rottweil.de\/wp-content\/uploads\/2024\/01\/IMG_9728-scaled-1-1024x683.jpg\" alt=\"\" class=\"wp-image-350\"\/><\/figure>\n<\/figure>\n\n\n\n<p><\/p>\n","protected":false},"excerpt":{"rendered":"<p>Im Jahr 2022 wurde der Parkplatz des Gemeindehauses in Irslingen erstmals und eindrucksvoll zu einem Adventsmarkt umfunktioniert. An den zahlreichen St\u00e4nden der Kochgruppen, Kinderstunden, Jungschar und der Gemeindech\u00f6re traf man auf ein breites Angebot von leckeren Speisen und Getr\u00e4nken, w\u00e4hrend viele beheizte Pl\u00e4tze eine angenehme M\u00f6glichkeit zur Gemeinschaft miteinander boten. Zus\u00e4tzlich wurden die Abende von einem Programm, bestehend aus Chorliedern, Orchesterst\u00fccken, Rollenspielen und Vortr\u00e4gen begleitet. Wenn es jemandem doch zu kalt wurde, bestand die M\u00f6glichkeit, sich im mit interessanten Bildern&#8230;<\/p>\n<p class=\"read-more\"><a class=\"btn btn-default\" href=\"https:\/\/www.fecg-rottweil.de\/?page_id=38\">Weiterlesen<span class=\"screen-reader-text\"> Weiterlesen<\/span><\/a><\/p>\n","protected":false},"author":1,"featured_media":80,"parent":0,"menu_order":0,"comment_status":"closed","ping_status":"closed","template":"","meta":{"footnotes":""},"class_list":["post-38","page","type-page","status-publish","has-post-thumbnail","hentry"],"aioseo_notices":[],"_links":{"self":[{"href":"https:\/\/www.fecg-rottweil.de\/index.php?rest_route=\/wp\/v2\/pages\/38","targetHints":{"allow":["GET"]}}],"collection":[{"href":"https:\/\/www.fecg-rottweil.de\/index.php?rest_route=\/wp\/v2\/pages"}],"about":[{"href":"https:\/\/www.fecg-rottweil.de\/index.php?rest_route=\/wp\/v2\/types\/page"}],"author":[{"embeddable":true,"href":"https:\/\/www.fecg-rottweil.de\/index.php?rest_route=\/wp\/v2\/users\/1"}],"replies":[{"embeddable":true,"href":"https:\/\/www.fecg-rottweil.de\/index.php?rest_route=%2Fwp%2Fv2%2Fcomments&post=38"}],"version-history":[{"count":2,"href":"https:\/\/www.fecg-rottweil.de\/index.php?rest_route=\/wp\/v2\/pages\/38\/revisions"}],"predecessor-version":[{"id":467,"href":"https:\/\/www.fecg-rottweil.de\/index.php?rest_route=\/wp\/v2\/pages\/38\/revisions\/467"}],"wp:featuredmedia":[{"embeddable":true,"href":"https:\/\/www.fecg-rottweil.de\/index.php?rest_route=\/wp\/v2\/media\/80"}],"wp:attachment":[{"href":"https:\/\/www.fecg-rottweil.de\/index.php?rest_route=%2Fwp%2Fv2%2Fmedia&parent=38"}],"curies":[{"name":"wp","href":"https:\/\/api.w.org\/{rel}","templated":true}]}}